and 3791?
17
Calculate the highest common divisor of 266 and 56.
14
Calculate the highest common factor of 16 and 232.
8
What is the highest common divisor of 12 and 708?
12
Calculate the greatest common divisor of 50 and 40.
10
Calculate the greatest common divisor of 759 and 138.
69
What is the highest common divisor of 126 and 42?
42
What is the highest common factor of 368 and 943?
23
Calculate the highest common factor of 574 and 658.
14
Calculate the greatest common factor of 4294 and 19.
19
What is the greatest common factor of 93 and 186?
93
Calculate the highest common factor of 25 and 375.
25
What is the highest common factor of 238 and 42?
14
What is the highest common divisor of 30 and 50?
10
Calculate the highest common factor of 274 and 16577.
137
What is the greatest common factor of 49 and 30331?
49
Calculate the highest common divisor of 114 and 168.
6
What is the highest common divisor of 286 and 73216?
286
Calculate the greatest common factor of 159 and 742.
53
What is the highest common divisor of 1602 and 90?
18
What is the greatest common factor of 756 and 28?
28
What is the greatest common factor of 41 and 1394?
41
What is the highest common divisor of 66 and 858?
66
What is the greatest common factor of 315 and 30?
15
What is the highest common divisor of 67284 and 189?
189
What is the highest common factor of 279 and 372?
93
What is the highest common divisor of 1368 and 1064?
152
Calculate the highest common divisor of 22 and 1408.
22
What is the greatest common divisor of 40227 and 253?
253
Calculate the highest common divisor of 576 and 16.
16
Calculate the highest common divisor of 31 and 2449.
31
What is the greatest common divisor of 2809 and 477?
53
What is the highest common divisor of 66 and 6?
6
Calculate the highest common factor of 39 and 18.
3
What is the highest common factor of 10280 and 40?
40
What is the highest common factor of 40 and 2368?
8
Calculate the highest common factor of 8580 and 80.
20
What is the highest common factor of 46 and 74?
2
Calculate the greatest common divisor of 469 and 335.
67
Calculate the greatest common divisor of 430 and 10.
10
What is the highest common divisor of 15755 and 115?
115
Calculate the greatest common factor of 63 and 1596.
21
Calculate the greatest common divisor of 935 and 1105.
85
What is the greatest common divisor of 404 and 12625?
101
Calculate the greatest common factor of 116 and 12.
4
Calculate the greatest common divisor of 39 and 9321.
39
What is the greatest common factor of 145 and 95?
5
What is the greatest common factor of 126 and 31374?
126
Calculate the greatest common factor of 2 and 310.
2
What is the greatest common divisor of 319 and 4408?
29
What is the highest common factor of 121 and 121?
121
Calculate the greatest common factor of 795 and 45.
15
Calculate the highest common divisor of 214 and 99082.
214
Calculate the greatest common factor of 182 and 4.
2
Calculate the highest common factor of 39 and 27.
3
Calculate the greatest common divisor of 9090 and 12.
6
What is the highest common factor of 90 and 198?
18
Calculate the highest common divisor of 846 and 28482.
282
What is the highest common divisor of 30 and 192?
6
Calculate the greatest common factor of 2717 and 715.
143
What is the greatest common divisor of 5 and 10325?
5
Calculate the greatest common factor of 390 and 234.
78
What is the highest common factor of 6 and 1254?
6
What is the greatest common divisor of 176 and 16?
16
Calculate the highest common factor of 36 and 1872.
36
Calculate the highest common factor of 36 and 552.
12
Calculate the greatest common factor of 680 and 250.
10
What is the highest common divisor of 24 and 136?
8
Calculate the highest common factor of 261 and 29.
29
Calculate the highest common divisor of 31 and 4309.
31
What is the highest common factor of 128 and 4?
4
What is the greatest common factor of 2676 and 12?
12
What is the highest common factor of 6014 and 186?
62
What is the greatest common divisor of 2414 and 238?
34
What is the highest common factor of 23580 and 40?
20
What is the greatest common divisor of 20 and 1940?
20
Calculate the highest common divisor of 104 and 377.
13
What is the highest common factor of 12 and 366?
6
Calculate the greatest common divisor of 18 and 4134.
6
What is the greatest common factor of 3864 and 105?
21
What is the greatest common factor of 16492 and 14?
14
What is the highest common factor of 204 and 2076?
12
Calculate the greatest common divisor of 6020 and 1260.
140
What is the greatest common divisor of 510 and 816?
102
What is the greatest common divisor of 194 and 873?
97
What is the highest common divisor of 8 and 664?
8
What is the highest common divisor of 37 and 52355?
37
Calculate the highest common divisor of 190 and 114.
38
Calculate the greatest common factor of 1325 and 125.
25
Calculate the greatest common divisor of 10040 and 80.
40
Calculate the greatest common factor of 12 and 15.
3
Calculate the greatest common divisor of 6205 and 85.
85
Calculate the highest common factor of 1391 and 13.
13
Calculate the highest common divisor of 925 and 37.
37
Calculate the greatest common divisor of 4 and 14.
2
Calculate the highest common divisor of 1936 and 308.
44
What is the highest common factor of 15 and 2?
1
Calculate the highest common factor of 333 and 63.
9
Calculate the greatest common factor of 48 and 1040.
16
Calculate the greatest common divisor of 4 and 8.
4
Calculate the highest common factor of 60 and 1880.
20
What is the highest common factor of 56 and 56?
56
What is the highest common factor of 190 and 260?
10
What is the greatest common factor of 4838 and 82?
82
What is the highest common factor of 945 and 105?
105
What is the highest common divisor of 29 and 45037?
29
Calculate the highest common divisor of 2263 and 73.
73
Calculate the highest common factor of 725 and 1305.
145
What is the greatest common divisor of 9960 and 360?
120
Calculate the greatest common divisor of 121 and 22.
11
Calculate the highest common divisor of 14 and 56.
14
What is the highest common divisor of 261 and 27?
9
Calculate the highest common divisor of 590 and 708.
118
Calculate the greatest common divisor of 25 and 75.
25
Calculate the highest common factor of 243 and 27.
27
Calculate the greatest common divisor of 536 and 248.
8
What is the highest common divisor of 25 and 1?
1
What is the greatest common factor of 17 and 425?
17
What is the greatest common factor of 120 and 1704?
24
What is the greatest common factor of 56 and 5572?
28
What is the highest common factor of 84 and 133?
7
Calculate the greatest common factor of 52 and 8.
4
Calculate the greatest common divisor of 800 and 860.
20
What is the greatest common divisor of 451 and 11?
11
What is the greatest common factor of 32 and 6112?
32
What is the greatest common divisor of 7 and 588?
7
Calculate the highest common divisor of 39 and 845.
13
Calculate the greatest common divisor of 3591 and 35.
7
What is the greatest common factor of 345 and 920?
115
Calculate the highest common divisor of 22 and 1.
1
What is the greatest common factor of 6 and 291?
3
Calculate the highest common divisor of 144 and 9.
9
What is the greatest common factor of 312 and 48?
24
What is the greatest common divisor of 58 and 4?
2
What is the greatest common factor of 1668 and 60?
12
Calculate the greatest common factor of 15 and 15.
15
Calculate the highest common divisor of 10 and 18.
2
What is the greatest common factor of 1 and 173?
1
Calculate the greatest common divisor of 23 and 782.
23
What is the highest common divisor of 7449 and 351?
39
What is the highest common factor of 16 and 1648?
16
What is the highest common divisor of 24 and 32?
8
What is the greatest common factor of 332 and 581?
83
Calculate the highest common factor of 243 and 144.
9
What is the greatest common divisor of 79 and 1264?
79
Calculate the highest common factor of 172 and 12.
4
Calculate the greatest common factor of 63 and 588.
21
Calculate the highest common divisor of 299 and 13.
13
What is the greatest common factor of 192 and 8?
8
What is the highest common divisor of 416 and 442?
26
What is the greatest common factor of 63 and 2625?
21
What is the highest comm